{"id":94,"date":"2025-04-19T15:43:51","date_gmt":"2025-04-19T13:43:51","guid":{"rendered":"https:\/\/d2bpower.fr\/?page_id=94"},"modified":"2025-04-20T21:45:37","modified_gmt":"2025-04-20T19:45:37","slug":"nos-prestations","status":"publish","type":"page","link":"https:\/\/d2bpower.fr\/?page_id=94","title":{"rendered":"Nos prestations"},"content":{"rendered":"\n<p>Sur cette photo, d\u00e9couvrez l\u2019impact de l\u2019hiver sur une terrasse en bois de Pin classe 4. Expos\u00e9e aux intemp\u00e9ries, \u00e0 l\u2019humidit\u00e9 et aux UV, la surface du bois subit un ph\u00e9nom\u00e8ne naturel : le grisaillement. Ce changement de couleur est d\u00fb \u00e0 la d\u00e9gradation de la lignine (composant du bois) sous l\u2019action des rayons UV et de l\u2019eau, laissant place \u00e0 une patine grise qui ternit l\u2019esth\u00e9tique de la terrasse.<\/p>\n\n\n\n<figure class=\"wp-block-gallery has-nested-images columns-default is-cropped wp-block-gallery-1 is-layout-flex wp-block-gallery-is-layout-flex\">\n<figure class=\"wp-block-image size-large\"><img loading=\"lazy\" decoding=\"async\" width=\"1024\" height=\"1024\" data-id=\"105\" src=\"https:\/\/d2bpower.fr\/wp-content\/uploads\/2025\/04\/Savigny_terrasse_Avant_Apres-1-1024x1024.jpg\" alt=\"\" class=\"wp-image-105\" srcset=\"https:\/\/d2bpower.fr\/wp-content\/uploads\/2025\/04\/Savigny_terrasse_Avant_Apres-1-1024x1024.jpg 1024w, https:\/\/d2bpower.fr\/wp-content\/uploads\/2025\/04\/Savigny_terrasse_Avant_Apres-1-300x300.jpg 300w, https:\/\/d2bpower.fr\/wp-content\/uploads\/2025\/04\/Savigny_terrasse_Avant_Apres-1-150x150.jpg 150w, https:\/\/d2bpower.fr\/wp-content\/uploads\/2025\/04\/Savigny_terrasse_Avant_Apres-1-768x768.jpg 768w, https:\/\/d2bpower.fr\/wp-content\/uploads\/2025\/04\/Savigny_terrasse_Avant_Apres-1.jpg 1080w\" sizes=\"auto, (max-width: 767px) 89vw, (max-width: 1000px) 54vw, (max-width: 1071px) 543px, 580px\" \/><\/figure>\n<\/figure>\n\n\n\n<hr class=\"wp-block-separator has-alpha-channel-opacity\"\/>\n\n\n\n<p>La seconde photo r\u00e9v\u00e8le le r\u00e9sultat apr\u00e8s un nettoyage en profondeur, r\u00e9alis\u00e9 par brossage doux. Cette m\u00e9thode m\u00e9canique respecte les fibres du bois sans les agresser, contrairement \u00e0 un nettoyage haute pression trop abrasif. Associ\u00e9 \u00e0 des produits nettoyants \u00e9co-friendly, ce traitement redonne \u00e9clat et chaleur au bois tout en pr\u00e9servant l\u2019environnement.<\/p>\n\n\n\n<p>Offrez une seconde jeunesse \u00e0 votre terrasse tout en respectant sa nature !<\/p>\n\n\n\n<hr class=\"wp-block-separator has-alpha-channel-opacity\"\/>\n\n\n\n<h2 class=\"wp-block-heading\"><strong>Exemples plus en d\u00e9tails de nos interventions.<\/strong><\/h2>\n\n\n<div class=\"wp-block-image\">\n<figure class=\"alignleft\"><img loading=\"lazy\" decoding=\"async\" width=\"1080\" height=\"1080\" src=\"https:\/\/d2bpower.fr\/wp-content\/uploads\/2025\/04\/D2B_AV_AP_IPE_Saubadier_001.png\" alt=\"\" class=\"wp-image-164\" srcset=\"https:\/\/d2bpower.fr\/wp-content\/uploads\/2025\/04\/D2B_AV_AP_IPE_Saubadier_001.png 1080w, https:\/\/d2bpower.fr\/wp-content\/uploads\/2025\/04\/D2B_AV_AP_IPE_Saubadier_001-300x300.png 300w, https:\/\/d2bpower.fr\/wp-content\/uploads\/2025\/04\/D2B_AV_AP_IPE_Saubadier_001-1024x1024.png 1024w, https:\/\/d2bpower.fr\/wp-content\/uploads\/2025\/04\/D2B_AV_AP_IPE_Saubadier_001-150x150.png 150w, https:\/\/d2bpower.fr\/wp-content\/uploads\/2025\/04\/D2B_AV_AP_IPE_Saubadier_001-768x768.png 768w, https:\/\/d2bpower.fr\/wp-content\/uploads\/2025\/04\/D2B_AV_AP_IPE_Saubadier_001-100x100.png 100w\" sizes=\"auto, (max-width: 767px) 89vw, (max-width: 1000px) 54vw, (max-width: 1071px) 543px, 580px\" \/><\/figure>\n<\/div>\n\n\n<figure class=\"wp-block-image\"><img loading=\"lazy\" decoding=\"async\" width=\"1080\" height=\"1080\" src=\"https:\/\/d2bpower.fr\/wp-content\/uploads\/2025\/04\/D2B_Savigny-Arnaud_Les-bancs.png\" alt=\"\" class=\"wp-image-168\" srcset=\"https:\/\/d2bpower.fr\/wp-content\/uploads\/2025\/04\/D2B_Savigny-Arnaud_Les-bancs.png 1080w, https:\/\/d2bpower.fr\/wp-content\/uploads\/2025\/04\/D2B_Savigny-Arnaud_Les-bancs-300x300.png 300w, https:\/\/d2bpower.fr\/wp-content\/uploads\/2025\/04\/D2B_Savigny-Arnaud_Les-bancs-1024x1024.png 1024w, https:\/\/d2bpower.fr\/wp-content\/uploads\/2025\/04\/D2B_Savigny-Arnaud_Les-bancs-150x150.png 150w, https:\/\/d2bpower.fr\/wp-content\/uploads\/2025\/04\/D2B_Savigny-Arnaud_Les-bancs-768x768.png 768w, https:\/\/d2bpower.fr\/wp-content\/uploads\/2025\/04\/D2B_Savigny-Arnaud_Les-bancs-100x100.png 100w\" sizes=\"auto, (max-width: 767px) 89vw, (max-width: 1000px) 54vw, (max-width: 1071px) 543px, 580px\" \/><\/figure>\n\n\n\n<hr class=\"wp-block-separator has-alpha-channel-opacity\"\/>\n\n\n\n<h2 class=\"wp-block-heading\"><strong>M\u00eame les petites terrasses doivent \u00eatre entretenues !!!<\/strong><\/h2>\n\n\n\n<figure class=\"wp-block-image size-full is-resized\"><img loading=\"lazy\" decoding=\"async\" width=\"828\" height=\"566\" src=\"https:\/\/d2bpower.fr\/wp-content\/uploads\/2025\/04\/Wooderful-Landes.png\" alt=\"\" class=\"wp-image-175\" style=\"width:161px;height:auto\" srcset=\"https:\/\/d2bpower.fr\/wp-content\/uploads\/2025\/04\/Wooderful-Landes.png 828w, https:\/\/d2bpower.fr\/wp-content\/uploads\/2025\/04\/Wooderful-Landes-300x205.png 300w, https:\/\/d2bpower.fr\/wp-content\/uploads\/2025\/04\/Wooderful-Landes-768x525.png 768w\" sizes=\"auto, (max-width: 767px) 89vw, (max-width: 1000px) 54vw, (max-width: 1071px) 543px, 580px\" \/><figcaption class=\"wp-element-caption\">Un chantier en collaboration avec notre partenaire Landais&#8230;<\/figcaption><\/figure>\n\n\n\n<div class=\"wp-block-media-text is-stacked-on-mobile\"><figure class=\"wp-block-media-text__media\"><img loading=\"lazy\" decoding=\"async\" width=\"768\" height=\"1024\" src=\"https:\/\/d2bpower.fr\/wp-content\/uploads\/2025\/04\/D2B_Terrasse-petite-Bar-de-la-Plage-768x1024.png\" alt=\"\" class=\"wp-image-174 size-full\" srcset=\"https:\/\/d2bpower.fr\/wp-content\/uploads\/2025\/04\/D2B_Terrasse-petite-Bar-de-la-Plage-768x1024.png 768w, https:\/\/d2bpower.fr\/wp-content\/uploads\/2025\/04\/D2B_Terrasse-petite-Bar-de-la-Plage-225x300.png 225w, https:\/\/d2bpower.fr\/wp-content\/uploads\/2025\/04\/D2B_Terrasse-petite-Bar-de-la-Plage.png 1080w\" sizes=\"auto, (max-width: 767px) 89vw, (max-width: 1000px) 54vw, (max-width: 1071px) 543px, 580px\" \/><\/figure><div class=\"wp-block-media-text__content\">\n<p><strong>Ci-dessous les \u00e9tapes du nettoyage et de l&#8217;entretien <\/strong><\/p>\n\n\n\n<ul class=\"wp-block-list\">\n<li>Etape 1 : Terrasse en Pin classe 4 gris\u00e9e par les effets du temps.<\/li>\n\n\n\n<li>Etape 2 : 1er brossage pour nettoyer et assainir le bois.<\/li>\n\n\n\n<li>Etape 3 : La terrasse blanchie et peut recevoir la saturation couleur miel.<\/li>\n\n\n\n<li>Etape 4 : Saturation miel qui va prot\u00e9ger le bois en profondeur et lui donner un aspect naturel et homog\u00e8ne.<\/li>\n<\/ul>\n<\/div><\/div>\n","protected":false},"excerpt":{"rendered":"<p>Sur cette photo, d\u00e9couvrez l\u2019impact de l\u2019hiver sur une terrasse en bois de Pin classe 4. Expos\u00e9e aux intemp\u00e9ries, \u00e0 l\u2019humidit\u00e9 et aux UV, la surface du bois subit un ph\u00e9nom\u00e8ne naturel : le grisaillement. Ce changement de couleur est d\u00fb \u00e0 la d\u00e9gradation de la lignine (composant du bois) sous l\u2019action des rayons UV &hellip; <\/p>\n<p class=\"link-more\"><a href=\"https:\/\/d2bpower.fr\/?page_id=94\" class=\"more-link\">Continue reading<span class=\"screen-reader-text\"> &#8220;Nos prestations&#8221;<\/span><\/a><\/p>\n","protected":false},"author":1,"featured_media":0,"parent":0,"menu_order":0,"comment_status":"closed","ping_status":"closed","template":"","meta":{"footnotes":""},"class_list":["post-94","page","type-page","status-publish","hentry"],"_links":{"self":[{"href":"https:\/\/d2bpower.fr\/index.php?rest_route=\/wp\/v2\/pages\/94","targetHints":{"allow":["GET"]}}],"collection":[{"href":"https:\/\/d2bpower.fr\/index.php?rest_route=\/wp\/v2\/pages"}],"about":[{"href":"https:\/\/d2bpower.fr\/index.php?rest_route=\/wp\/v2\/types\/page"}],"author":[{"embeddable":true,"href":"https:\/\/d2bpower.fr\/index.php?rest_route=\/wp\/v2\/users\/1"}],"replies":[{"embeddable":true,"href":"https:\/\/d2bpower.fr\/index.php?rest_route=%2Fwp%2Fv2%2Fcomments&post=94"}],"version-history":[{"count":9,"href":"https:\/\/d2bpower.fr\/index.php?rest_route=\/wp\/v2\/pages\/94\/revisions"}],"predecessor-version":[{"id":177,"href":"https:\/\/d2bpower.fr\/index.php?rest_route=\/wp\/v2\/pages\/94\/revisions\/177"}],"wp:attachment":[{"href":"https:\/\/d2bpower.fr\/index.php?rest_route=%2Fwp%2Fv2%2Fmedia&parent=94"}],"curies":[{"name":"wp","href":"https:\/\/api.w.org\/{rel}","templated":true}]}}